-10) + 9. Calculate the greatest common factor of 80 and h.
40
Let w be 4/(-6)*(17 + -44 + 3). Calculate the highest common divisor of 1968 and w.
16
Let i be ((-1406)/57 - -23)*(-7 + -2). Calculate the greatest common factor of 9705 and i.
15
Suppose 393*z - 519*z + 13608 = 0. Calculate the highest common divisor of 48 and z.
12
Suppose 3*w - 2 = -z, 2*w - 2*z = -w + 14. Suppose -3*r = w*r - 255. Suppose 0 = -0*s + s - r. Calculate the greatest common divisor of 17 and s.
17
Let q(z) be the first derivative of z**3 - 3*z**2 + 11*z - 1. Suppose 44*k = 247 - 27. Let r be q(k). What is the highest common divisor of r and 14?
14
Suppose -2*d = d - 90. Let b be 3836/252 + (-2)/9*1. What is the greatest common factor of b and d?
15
Let k be 10/15 + (-1 - 354/(-9)). Let h = 42 - k. Suppose -h*c + 6 = -24. Calculate the highest common divisor of 70 and c.
10
Suppose -67*s - 1100 = -78*s. Calculate the greatest common divisor of s and 190.
10
Let n(t) = 2*t**2 - 7*t - 296. Let d be n(-12). What is the greatest common factor of 2242 and d?
38
Suppose -29 = -11*z + 279. Suppose -o = -z - 44. What is the greatest common factor of 18 and o?
18
Suppose 4*s = 4*w - 281 - 667, 4*s - 222 = -w. Suppose 15*q - 24 = 13*q. Calculate the highest common divisor of q and w.
6
Let v(y) = 31*y + 305. Let m be v(-11). Let t be 1053/6*m/(-27). What is the highest common divisor of 39 and t?
39
Let j be 0 + -14 + 23 - 7. What is the highest common factor of 167 and j?
1
Let a be 532/10 - (-4)/5. Let k = a - 51. Calculate the highest common divisor of 48 and k.
3
Suppose 0 = 9*b - 13*b + 48. Suppose -36*n + b = -32*n. Let k be (-1078)/(-10) - 2*n/(-30). What is the highest common factor of 12 and k?
12
Suppose -3*f = 4*l - 37, -7 + 29 = 2*f + 4*l. Suppose 1104 = 3*s - 21. Calculate the highest common divisor of f and s.
15
Suppose 0 = 70*g - 60*g - 6030. Suppose -2*x + g = -f, 943 = 4*x + 5*f - 298. What is the highest common divisor of x and 16?
16
Let u = -103 - -105. Let y(z) = -z. Let c be y(-3). Suppose 110 = c*q + 2*q. What is the highest common divisor of u and q?
2
Let j be (-4)/18 + 1264770/162 + 4. What is the highest common divisor of j and 107?
107
Let z(t) = 39*t**2 - 129*t - 2375. Let f be z(-20). What is the highest common divisor of f and 145?
145
Let v(l) = 2*l - 35. Let w be v(18). Let b be 11 + (-2 - (-4 + w)). Let q be (90/(-2))/(b/(-16)). Calculate the greatest common factor of q and 15.
15
Let s(a) = 195*a - 155. Let q(w) = 9*w - 7. Let c(n) = 45*q(n) - 2*s(n). Let y be c(1). Calculate the greatest common factor of 270 and y.
10
Let i(j) = -4*j - 3. Let v be i(0). Let y(w) = -w**3 - 7*w - 4. Let a be y(v). What is the greatest common factor of 55 and a?
11
Suppose 10*u = -0*u + 1210. Let q = u - 115. Calculate the greatest common factor of q and 138.
6
Suppose 102 + 0 = 17*b. Suppose -b*z = -4*z - 8. Calculate the greatest common factor of 44 and z.
4
Let n be 2/11 - (-1118)/22. Suppose 0 = -2*q - 5*m + 62, -5*m + 149 = 3*q + n. Calculate the highest common factor of q and 324.
36
Suppose 0 = 2*y + 2*y - 28. Let d(x) be the second derivative of -x**3/3 + 7*x**2/2 - 12*x. Let n be d(0). What is the highest common divisor of n and y?
7
Let q(v) = 7*v - 49. Let z be q(11). Let i be (-2)/(z/(-91))*2. What is the greatest common divisor of 65 and i?
13
Suppose 5*y + 15 = 60. Let t be -151 - (1 - (3 + -2)). Let a = t - -232. What is the greatest common factor of y and a?
9
Suppose -l - 736 = -3*w, 3*w - 1462 = 2*l - w. Let u = l + 1333. What is the highest common factor of 18 and u?
18
Let k = -1799 + 977. Let y be (-4)/34 - k/51. Calculate the highest common factor of y and 144.
16
Let g = -8769 + 8853. Suppose 0 = -v + 28 + 32. What is the highest common factor of g and v?
12
Let z = 9 + -7. Suppose -z*n + 7*n + 70 = 0. Let p = n + 69. What is the highest common divisor of p and 5?
5
Let v(r) = -2468*r + 7503. Let c be v(3). Calculate the greatest common factor of c and 1881.
99
Suppose -22*v - 9*v = -35898. Let k = 1639 - v. What is the highest common divisor of 37 and k?
37
Let w(n) = 939*n - 1014. Let k be w(4). Calculate the highest common factor of 6 and k.
6
Let r(b) = 5*b**3 + 31*b**2 + 6*b + 5. Let a be r(-6). Suppose 4*h = a*o + 2757, -1378 = -6*h + 4*h + 2*o. Calculate the highest common divisor of h and 16.
16
Let t(m) = 3*m**3 + 4*m**2 - 3*m - 76. Let a be t(7). What is the greatest common factor of a and 893?
47
Suppose -g = -8*g + 11*g. Let p be (-12)/(-3) - 20/(4 + g). Let s be (p/(-3))/((-8)/(-312)). What is the highest common factor of 13 and s?
13
Let v be (-21)/6*51/(-6) - (-3)/12. What is the highest common divisor of v and 590?
10
Suppose 369 = 13*y - 983. Calculate the highest common divisor of y and 195.
13
Let r be (99/2)/((-6)/(-8)). Suppose 55*m = 59*m - 4, -3*k + 2*m + 34 = 0. Suppose 0 = 14*y - k*y - r. Calculate the greatest common divisor of 3 and y.
3
Let u = 19711 - 19351. Calculate the greatest common divisor of u and 468.
36
Suppose -3*v = -4*b - 116 + 22, 4*b + 110 = -5*v. Let l be (-9)/15 + (-90)/b. What is the greatest common divisor of 7 and l?
1
Suppose 4*x + 78 = 5*g + x, 0 = -5*x + 20. Suppose 4*c - 127 = 3*f + 78, 0 = 5*f - 5*c + 350. Let k = f - -99. What is the highest common divisor of g and k?
6
Suppose 18 + 36 = 3*u. Suppose 8*f - f + 294 = 0. Let i be (1 - f/12)*64/12. What is the highest common factor of u and i?
6
Suppose 5*k + d - 1154 = 0, -66*k - 666 = -69*k - 5*d. Calculate the highest common divisor of k and 1682.
58
Let o = 5002 - 4612. Let i be 149/5 - 3/(-15). Calculate the highest common divisor of o and i.
30
Let i(p) = 4*p**2 - 75*p - 869. Let s be i(-57). Calculate the highest common divisor of s and 118.
118
Let j(n) = 801*n + 8958. Let k be j(-11). Calculate the greatest common factor of k and 9.
3
Let i = 321 - 78. Let g(j) = 14*j + 2. Let z(f) = -17*f - 2. Let o(x) = 6*g(x) + 5*z(x). Let r be o(-25). What is the highest common factor of r and i?
27
Let a = 27 - 27. Suppose j + 80 = -a*j. Let x be ((-21)/(-6))/((-5)/j). What is the highest common factor of 8 and x?
8
Let c(s) = 819*s**2 - 3*s - 407*s**2 - 410*s**2 + 1 + 1. Let n be (-2)/(-7) - 12/(-7). Let j be c(n). What is the greatest common divisor of 10 and j?
2
Let h = 430 - 1545. Let u = h - -1608. What is the greatest common factor of u and 29?
29
Suppose -897*g = -890*g. Suppose n - 4*j - 10 - 23 = g, -2*j = 5*n - 231. Calculate the greatest common divisor of 225 and n.
45
Let p(d) = -34*d + 437. Let h be p(11). Let j = 52 + -29. Let n = h - j. Calculate the highest common factor of n and 20.
20
Let x be (1*-84)/(174/(-12) + 14). Calculate the highest common factor of 162 and x.
6
Suppose 0 = -39*o - 65 - 364. Let l be (-4 - o) + 10/5. What is the greatest common factor of l and 21?
3
Suppose 6*r - 5*h = 10*r - 12, 0 = -5*r - 2*h + 15. Suppose -20 = -5*w - k, 0 = 3*w - k - 3*k + 11. What is the highest common factor of w and r?
3
Let f(z) = -z + 14. Suppose -13 = -c - 3. Let n be f(c). Suppose 57 - 1 = n*b. What is the greatest common divisor of b and 98?
14
Let z = 342 - -218. Suppose 36*r = 29*r + z. Calculate the greatest common factor of 60 and r.
20
Let w(v) = -12*v**3 - v**2 - 2*v - 1. Let y(n) = n - 3. Let a be y(2). Let x be w(a). Suppose 5*i = 6*i - 12. Calculate the highest common factor of x and i.
12
Let y = 671 + -687. Let t(x) = -71*x - 107. Let r be t(y). Calculate the highest common divisor of 49 and r.
49
Let s = 119 - 79. Suppose 4*l - 28 = -4*f, 0 = -4*f + 4*l - l + 7. Let g be -2*((-16)/2 + f). Calculate the greatest common divisor of g and s.
8
Let z = -115 - -247. Let b be (9/6)/(9/z). Suppose 0 = -4*h + 2*a + 210, -6*h + 2*h = 3*a - 235. Calculate the greatest common factor of b and h.
11
Let m = 26 + -26. Suppose l - 3*l + 34 = m. Suppose 0 = l*n - 12*n - 80. Calculate the greatest common divisor of n and 2.
2
Let k(t) = 40*t**2 - 19*t - 4. Let o be k(-4). Calculate the highest common factor of o and 178.
178
Let k = -5 + 30. Let v(g) = -g**3 + 26*g**2 + 174*g - 1295. Let q be v(30). What is the highest common factor of k and q?
25
Let t be (-2)/(-24)*6*-10 - -11. Suppose 5*z + 16 - t = 0, -4*u + 2*z = -172. What is the greatest common factor of u and 28?
14
Suppose -3*a = -13*a + 1230. Suppose -12*x = 